-3)*1 + (-85)/m. Let s(y) = -2 + 12*y**2 + 2*y - j*y**2 - 7*y**2. Give s(-2).
6
Suppose -k + 3*k = 0. Suppose -l = p + 63, k*l - l = -3*p - 177. Let b be 10/(-3)*p/(-25). Let w(t) = -2*t - 11. Give w(b).
5
Let c(m) = 6*m**2 - m - 3. Let s(h) = -h**2 + 2. Suppose -35 = 13*k + 69. Let l be 3/(-6) - (-4 + (-20)/k). Let z(d) = l*c(d) + s(d). Calculate z(2).
17
Let m(c) be the third derivative of -25*c**4/24 + 5*c**3/6 - 6*c**2 - 55. Calculate m(-2).
55
Let y(d) = -7*d + 13. Let q be y(3). Let a be (-2)/q - 7/(-4). Let t(m) = 4*m**3 + 6*m**2 + 4 - 3*m**3 - 2*m + 5 - a*m**3. Give t(6).
-3
Let h(g) = 5*g + 1. Let d be (22/99)/((-12)/(-270)). Let j(s) = -10*s - 2. Let t = -4 - -6. Let y(f) = d*h(f) + t*j(f). What is y(1)?
6
Let n(r) = 2*r**3 - 55*r**2 - 17*r + 79. Let y(p) = p**3 - 23*p**2 - 8*p + 39. Let f(a) = 2*n(a) - 5*y(a). What is f(4)?
3
Suppose 0 = 59*b - 52*b + 28. Let v(f) = 3*f**3 + 8*f**2 - 15*f + 5. Let p be v(b). Let m(l) = -8*l - 2. Calculate m(p).
-10
Let s(n) = -2*n**2 - n + 47. Let f(w) = -w. Let b(y) = -2*f(y) + s(y). Let g(o) be the first derivative of b(o). Give g(2).
-7
Let v(l) = -2*l**2 + 2*l - 3. Let o = -76 + 81. Suppose 0 = f - o*i - 30, -2*f + 2 = i - 3. Suppose 0 = -f*b + 80 - 70. What is v(b)?
-7
Let x(g) = g**3 + 11*g**2 - g - 13. Let f = 20 - 16. Suppose -2*n = -4*p + 106, -5*p + 152 + 63 = -f*n. Let k be (n/20)/((-2)/(-8)). Give x(k).
-2
Suppose 5*l + 90 = 5*f, 14*l + 10 = 19*l. Let m(y) = -8*y**2 + 162*y - 21. Calculate m(f).
19
Let w = 4127 - 4138. Let s(i) = -i**2 - 9*i - 12. Calculate s(w).
-34
Let c(k) be the third derivative of -k**5/120 + k**4/2 + 76*k**3/3 + 189*k**2. Let x(u) be the first derivative of c(u). Determine x(5).
7
Let h(c) = 38 - 714*c + 355*c + 356*c. Give h(7).
17
Let k(n) = -27*n - 28 - 23*n + 115 - 27*n + 78*n. Determine k(15).
102
Let i(x) = -38180*x**3 - 4*x**2 - 38186*x**3 + 76368*x**3 - 9*x + 4. What is i(-2)?
-10
Let f(m) = -8 - 10 + 4 + 214*m - 4 - 209*m. Calculate f(3).
-3
Let l(n) = -n + 257*n**2 - 164 - 43*n + 16*n - 256*n**2. Calculate l(-5).
1
Let s(g) be the first derivative of g**4/4 + 2*g**3 - 3*g**2 - 3*g + 599. Calculate s(-7).
-10
Let o(y) be the third derivative of -5*y**4/3 - 29*y**3/6 + 22*y**2 - 24*y - 2. What is o(-1)?
11
Let o(u) = u**3 - 15*u**2 - 17*u - 33. Let i(x) = -x**3 + 11*x**2 + 16*x + 32. Let c(v) = -4*i(v) - 3*o(v). Give c(-4).
-25
Let n(r) be the second derivative of -r**6/120 - r**5/30 + r**4/12 - r**3/6 - 59*r**2/2 + 28*r + 2. Let t(y) be the first derivative of n(y). Give t(-3).
2
Let r(o) = 7 + 9 - 39*o + 35*o - 5. Let g(n) = -n + 2. Let k(u) = 5*g(u) - r(u). What is k(3)?
-4
Let w be 1 + 1 + 4*4/16. Let n(s) = -w*s + s - 4 - s**3 + 3 - 17*s**2 + 20*s**2. Determine n(4).
-25
Let t(v) = 467 - 461 - 5*v + 5*v**3 + 4*v**3. Give t(1).
10
Let u(t) = 41*t + 1. Let n be u(1). Let z be n/(-105) - (-1)/((-10)/(-64)). Let a(i) = 0 + 8*i + 3*i + 1 - z*i. Give a(-2).
-9
Let h(i) = 28*i + 65. Let r be 879/(-293)*4/6. Calculate h(r).
9
Let i = -622/15 + 1289/30. Let k(d) be the second derivative of i*d**2 + 1/3*d**4 + 0 - 1/20*d**5 + 9*d - 5/6*d**3. What is k(3)?
-3
Let a be (-1)/3*-7*-6. Let o(y) be the third derivative of -y**4/12 - 19*y**3/6 + 847*y**2 + 2*y + 6. Calculate o(a).
9
Let b(m) = m**2 - m - 3. Let j = 71 + 4. Suppose 8*n - 149 = j. Suppose -2*s + 2*v - 25 + 9 = 0, 5*s - 2*v + n = 0. Determine b(s).
17
Let b be 3/6*(79 - 39). Let t(r) = -3*r + 60. Calculate t(b).
0
Let h(f) be the second derivative of -f**5/20 + f**3/6 + 15*f**2/2 + 2*f. Let t = 9 + -16. Let k(a) = a + 7. Let r be k(t). What is h(r)?
15
Let u(b) be the third derivative of b**5/60 + 5*b**4/12 - 17*b**3/6 + 1110*b**2. What is u(3)?
22
Suppose 8*t = 126 + 434. Let d = -61 + t. Let j(s) = -s**3 + 9*s**2 - 7. Calculate j(d).
-7
Let f = 31 - 28. Let r be 74/(-6) - (-1)/f. Let c be (r/8)/(5/2 + -4). Let l(u) = 10*u**3 + 2*u**2 - u. Give l(c).
11
Let c(j) = -439*j - 17119. Let d be c(-39). Let h(m) = -m**3 + 4*m**2 + 1. What is h(d)?
9
Suppose -7*f - 4 = -9*f. Suppose 4 = -c + f. Let z(r) = -r**3 - r**2 + r. Let l(a) = -3*a**3 - 3*a**2 + 7*a - 1. Let g(q) = l(q) - 5*z(q). Give g(c).
-13
Let l(n) = -9*n**3 - 46*n**2 + 199*n - 154. Let a(s) = -2*s**3 - 9*s**2 + 41*s - 31. Let w(b) = 14*a(b) - 3*l(b). Determine w(10).
-2
Let p = -73 + 46. Let h = 20 + p. Let i(r) be the first derivative of -r**2/2 - 3*r - 2. What is i(h)?
4
Let f(q) = -q**3 + 4*q**2 - q. Let n be f(3). Let d(a) be the second derivative of -a**5/20 + a**4/2 - 3*a**2 + 7294*a. Determine d(n).
-6
Let r(s) = 5*s + 2. Let l(t) = -7*t - 1. Suppose -10 = 284*d - 279*d. Let h(b) = d*l(b) - 3*r(b). Determine h(-7).
3
Let o(t) = -987 + 597*t**3 + 3*t - 600*t**3 + 999 + 17*t**2. Calculate o(6).
-6
Suppose -16*c + 15*c = -4*t + 22, -51 = -5*c - 3*t. Let b(n) = -4*n + 22. Calculate b(c).
-2
Let k(b) be the second derivative of -13/12*b**4 + 1/20*b**5 + 5*b**2 + 0 - 1/6*b**3 - 55*b. Give k(13).
-3
Let k(c) = -c**2 + 6*c + 2. Let x(u) = -2*u**2 + 5*u + 3. Let f(r) = -4*k(r) + 3*x(r). Let p(h) = -1255*h - 5025. Let t be p(-4). Determine f(t).
-4
Let a(x) = x**2 + 12*x - 3. Let c = 2779 + -2790. Give a(c).
-14
Suppose -3*r = 24*r + 6*r - 594. Let l(h) = h**2 - 23*h + 89. Determine l(r).
-1
Let m(z) = 23389*z - 46119*z - 23 + 22727*z. Suppose 2*i - 16 = 4*i. Determine m(i).
1
Let d(t) be the third derivative of t**6/360 + t**5/20 + t**4/6 + 19*t**3/2 + t**2 - 60. Let z(c) be the first derivative of d(c). Determine z(-5).
-1
Suppose 21*f - 17*f = 3*m - 24, 0 = 2*m + f - 5. Let k(q) = 5*q + 3 + 0*q - 7*q. Give k(m).
-5
Let h(g) = -4*g - 23. Let t = 6441 + -6441. Give h(t).
-23
Let p(g) = 335*g + 2682. Let v be p(-8). Let w(a) = -22*a + 5. Determine w(v).
-39
Let n(q) = -2*q. Let x be (-40)/(-16) - 2/4 - 3. Let b(g) = -1. Let r(s) = x*n(s) + 3*b(s). What is r(-5)?
-13
Let c = -7 + 6. Suppose 58*v - 62*v + 16 = 0. Let y(a) = 2*a. Let p(j) = 13*j + 6. Let f(x) = c*p(x) + v*y(x). Determine f(-4).
14
Let a(g) = -g**3 + 16*g**2 + 18*g - 9. Let q be a(17). Let r(p) = -15 + q + p + 4 + 0*p. Calculate r(-9).
-12
Let m(i) be the third derivative of 5*i**4/24 + 163*i**3/6 - 884*i**2. Determine m(-32).
3
Let q(p) = 101788*p**3 + 5*p + 6*p + 13 - 4 - 6*p**2 - 101789*p**3. Suppose 9*u = -33 - 30. Give q(u).
-19
Let t(y) be the second derivative of y**4/12 + 7*y**3/6 + 4*y**2 + y. Let n(c) = -194*c + 771. Let s be n(4). Calculate t(s).
-2
Let c(k) = -k**3 + 10*k**2 - 6. Suppose -30*l + 27*l - 4*g - 20 = 0, 0 = -l - 3*g - 15. Suppose -10*q - 4*q + 140 = l. What is c(q)?
-6
Let n(v) = -11*v + 165. Let b(d) = -d**2 + 187*d + 3042. Let y be b(-15). Calculate n(y).
33
Let b(z) be the third derivative of -z**6/120 + 2*z**5/15 + 11*z**4/12 - 16*z**3/3 - 29*z**2 + z. Determine b(10).
-12
Let y(t) = 3*t**2 + t. Let a be 3*1 + 53 + -41. Suppose a = 14*c + 43. Determine y(c).
10
Let y(u) be the second derivative of -u**4/4 + u**3 + 3*u**2 + 1459*u. What is y(-5)?
-99
Suppose 0 = -8*j + 1365 - 293. Let r = 185 - j. Let l(m) = -r*m + 0*m**2 + 4 + 60*m + m**2. Give l(-5).
-16
Let v(x) be the second derivative of x**5/20 + x**4/4 - 2*x**3/3 + 5*x**2/2 - 2208*x. Calculate v(2).
17
Let q(z) = -5*z**3 + 11*z**2 - z - 3. Let t(f) = -14*f**3 + 31*f**2 - 3*f - 10. Let k(m) = 17*q(m) - 6*t(m). Let y be (-6)/(-2) - 4 - -1. What is k(y)?
9
Let k(j) be the first derivative of j**4/2 + j**3/6 - 119*j + 92. Let p(d) be the first derivative of k(d). What is p(1)?
7
Let s(t) = -t + 5*t - 1229*t**2 + 2470*t**2 - 2 - 1240*t**2. Suppose -v + n + n = -7, -5*n - 22 = -v. Give s(v).
-5
Let d(w) be the second derivative of w**5/20 - w**4/4 - 19*w**3/2 + 37*w**2/2 + 2466*w + 2. Give d(9).
10
Suppose -273*g + 360 = -244*g - 75. Let o(n) = n**3 - 13*n**2 - 31*n + 2. What is o(g)?
-13
Let u(q) be the third derivative of -q**4/8 + 5*q**3/3 - 258*q**2. Let w(v) = -3*v - 6*v + 11 - 2*v + 7*v. Let p(z) = -6*u(z) + 5*w(z). Determine p(4).
-13
Let k(q) = -q**3 + 3*q**2 - q - 3. Suppose -94*t + 64 = -90*t. Suppose 3*a + t = 25. Give k(a).
-6
Let y(v) = -4280*v - 46 - v**2 - 4281*v + 8574*v. Calculate y(8).
-6
Let s(f) = 4*f + 4. Suppose 5*o + 5*w - 2 = 6*w, -3*w = 5*o + 6. What is s(o)?
4
Let d(i) be the third derivative of -i**5/60 + i**4/3 - 5*i**3/6 - 2*i**2. Suppose 28*s - 2*s + 248 - 456 = 0. What is d(s